 Suppose 2*i + 3*i - 77 = -j, -5*j + 17 = 2*i. What is the tens digit of z(i)?
2
Suppose 7*a = 6*a + 17. What is the tens digit of a - (-4 - (-1 + -3))?
1
What is the hundreds digit of 2 - (-1)/((-5)/(-2240))?
4
Let i(o) = 110*o**2 - 6*o + 3. What is the hundreds digit of i(-5)?
7
Suppose -y - 2414 = -7496. What is the thousands digit of y?
5
Let i = -5 - -13. What is the units digit of ((-138)/i)/(8/(-32))?
9
Let h(y) = -3*y**2 - 104*y - 114. Let u be h(-34). Let p be (-2)/(-8) + 481/(-4). Let w = u - p. What is the tens digit of w?
7
Suppose -2462 = -5*s + 3*g + 2991, -2*s - 3*g = -2177. What is the tens digit of s?
9
What is the tens digit of 1009/2 + 0 + (-51)/34?
0
Suppose 3035 = m + 2*d, 0 = -4*m - 57*d + 61*d + 12200. What is the hundreds digit of m?
0
Let l(o) = -2246*o**3 - 7*o - 6. What is the units digit of l(-1)?
7
Suppose -5*w + 2*v + 416 = 0, v + 109 = -3*w + 363. Let n be 2*(3 - w/8). What is the tens digit of 159*-5*1/n?
5
Let u(t) be the third derivative of 0*t + 1/120*t**6 + 2*t**3 + 0 + 3/20*t**5 + 1/12*t**4 + 3*t**2. What is the tens digit of u(-8)?
6
What is the hundreds digit of 6/4*(-3604)/(-6)?
9
Let u = -2042 + 3162. What is the hundreds digit of u?
1
Suppose -3*m = -5*m + 6. Suppose -2*l + l + m = 0. Suppose -2*d = -l*u + 121, -2*u + 76 = 2*d - d. What is the units digit of u?
9
Suppose -11*n = 8*n + 740544. What is the units digit of n/(-319) + (26/(-22) - -1)?
2
Suppose 3098 = 12*k - 2614. What is the tens digit of k?
7
Let q = 5 - 2. Let d be (1 + q)*(-9660)/(-48). What is the tens digit of (2/5)/(7/d)?
4
Let u be 0 + 4*2/(-2). Let v be (95/10)/(2/u). What is the units digit of -3*(-6)/(-9)*v?
8
Suppose 0 = -5*c - m - 12 + 46, -16 = -4*m. Suppose -c*i + 8*i - 188 = 0. What is the tens digit of i?
9
What is the hundreds digit of (-5)/(35/(-21)) + 244?
2
Suppose -3*v = -5*u + 33, -9 = -0*u - u + 3*v. Suppose 5*k + 6*o = 2*o + 538, 3*o - u = 0. Let d = k - 50. What is the units digit of d?
6
Let q(j) = -j**2 + 2*j + 3. Let a be q(2). Suppose -2*s - a*o + 449 = 0, -o - 227 = -s - 0*s. What is the hundreds digit of s?
2
Let v(f) = f**2 + 2*f - 15. Suppose -2*h + 1 + 3 = 0. Suppose x - h*x + 6 = 0. What is the units digit of v(x)?
3
Let s = 34 + 1035. What is the tens digit of s?
6
Suppose 0 = -r + 3*w + 10, -5*w - 28 = -5*r - w. Suppose -8 = -z + 5*k, r*z - 3 = 5*k + 14. Let i(s) = 8*s - 7. What is the units digit of i(z)?
7
Suppose d + 12 = 4*d. Suppose 0 = y - 5*f - 15, 0 = -5*y - d*f - f + 45. Suppose y*n - 11*n + 39 = 0. What is the tens digit of n?
3
Suppose y + 6341 = 5*u - 10543, -4*u + 13512 = -2*y. What is the hundreds digit of u?
3
Let z = -42 + 31. Let o(k) = -3*k**3 + 32*k**2 + 20*k + 3. Let b(j) = -j**3 + 11*j**2 + 7*j + 1. Let m(t) = z*b(t) + 4*o(t). What is the units digit of m(5)?
6
Let n = 10 + -9. Suppose y - 18 = 3*f, -y + 4*f = -2*y + 11. What is the units digit of ((-6)/y)/(n/(-5))?
2
Let p be -1 - -56 - (-6 + 2). Suppose 2*l + 4*s = s + p, 5*s = 4*l - 129. What is the tens digit of l?
3
Let n be (-12 - 0)*(-9)/18. Let j = -1 + n. Suppose -13 = -j*c + 4*t, 15 = 5*c - 4*t - t. What is the units digit of c?
1
Let s(b) = -192*b - 55. What is the units digit of s(-5)?
5
Let q be 4/(-18) + (-235)/(-45). Suppose -h + 5*h - 192 = 0. Suppose q*d - h = d. What is the tens digit of d?
1
Let w(p) = 3*p**2 + 37*p + 26. What is the thousands digit of w(19)?
1
Let c be 12/18*(-27)/(-2). Let y be (-2)/c + 310/18. Suppose y + 79 = 3*t. What is the tens digit of t?
3
Let i = 112 + -29. Suppose 0 = -2*v - 4*y + i + 131, 407 = 4*v + y. What is the hundreds digit of v?
1
Let d(v) = 12*v - 205. What is the tens digit of d(25)?
9
Suppose 13*q - 10*q + 9 = 0. What is the tens digit of 309/3*3*q/(-9)?
0
What is the tens digit of (-21)/35 - 2068/(-5)?
1
Let w = -841 - -1297. Suppose -12*j = -6*j - w. What is the units digit of j?
6
What is the units digit of (-14536)/(-14) - 10/35?
8
Suppose 3*c - 8*c - 377 = -s, s + 4*c - 395 = 0. What is the tens digit of s?
8
Suppose -42*a + 15788 = -14536. What is the units digit of a?
2
Suppose 2*v - 4*x + 35 = -7, 2*x + 12 = -2*v. Let a be (-53)/v - 32/(-176). Suppose 3*t + 0 = -a*b - 1, 19 = 3*t - 5*b. What is the units digit of t?
3
What is the hundreds digit of (-1)/(-2) + (-7479)/(-18)?
4
Suppose 4*k - 2*w - 156 = 0, -7*k + 2*w + 195 = -2*k. Suppose r = k - 17. What is the tens digit of r?
2
Suppose -40 = 9*s + 212. Let d = s + 58. What is the tens digit of d?
3
Suppose -412 - 116 = -4*x. What is the units digit of x?
2
Let d be (-1032)/(-36) + (-4)/6. Suppose 0 = 3*v - 2*y - 104, 0*v + d = v - 4*y. What is the units digit of v?
6
Suppose 0 = -14*v + 9296 + 10808. What is the units digit of v?
6
Suppose 2*r + 2*r = 28. What is the units digit of (-24)/(-42) - (-31)/r?
5
Suppose -18*c + 15*c = -4599. What is the thousands digit of c?
1
What is the hundreds digit of 2/15 + 444686/255?
7
Let y be (12/10)/((-12)/(-30)). Suppose -2*d - 3*b + 38 = 11, -y*d = 2*b - 43. Let x = 27 - d. What is the tens digit of x?
1
Suppose 0 = 5*d - 21 + 1. Suppose 17*r = 22*r - 730. Suppose 3*j - 4*p - 127 = p, -5*p + r = d*j. What is the tens digit of j?
3
Suppose -5 = -3*f + 13. Suppose -5*x - f = 34. Let p = x + 9. What is the units digit of p?
1
Let r = 448 + 361. What is the tens digit of r?
0
Suppose -l - 11 = -2*q, 0 = 3*q - 7*l + 4*l - 24. Suppose q*t - 40 = -2*t. What is the units digit of t?
8
Suppose -5*o - 2*m - 1257 = -4332, o - 3*m - 598 = 0. What is the tens digit of o?
1
Let j be -4 - (130/25)/(3/15). Let n = 112 + j. What is the tens digit of n?
8
Let v = 4840 + -1544. What is the hundreds digit of v?
2
Let u be (2 - 3)*-2376 - 1. What is the tens digit of (-9)/12 + (u/(-4))/(-5)?
1
Suppose -c - v = v - 59, -2*v = -2*c + 88. Let i be ((-18)/4 - -6)*40/(-6). Let k = i + c. What is the units digit of k?
9
Let i = -5 - -11. Suppose 0 = i*j - 3*j + 6. What is the units digit of (4 - j) + 4 + -6?
4
Let t = 29 - -38. Let n = 7 + -5. Suppose -3*d - d = f - t, 0 = -2*f - n. What is the units digit of d?
7
What is the tens digit of (186/4)/((-11)/(-66))?
7
Suppose -2*h - 5*n + 22 = 91, -2*h + 5*n - 19 = 0. Suppose -3*c + 101 = 2. Let b = h + c. What is the tens digit of b?
1
Let q = -267 + 457. What is the hundreds digit of q?
1
Suppose -11*u = -16*u + 40. Suppose -u*v - 232 = -1272. What is the units digit of v?
0
Suppose 5*g = l + 20, 2*g - 8 = 4*l + 18. Suppose -g*z - 11 = -2*t, -3*z - 3*t - 6 = -0*t. What is the tens digit of (9/(-6))/(z/20)?
1
Suppose 39046 = 17*v - 4083. What is the hundreds digit of v?
5
Let a = -1473 - -3846. What is the units digit of a?
3
Suppose 11*x - 10*x = 4. Suppose r + 5*v - 2*v - 111 = 0, -x*r + 514 = -2*v. What is the tens digit of r?
2
Suppose -2*o - 4*l + 12 + 14 = 0, 10 = 5*o - l. Suppose 0 = -o*d + 5*h + 234, -h = 3*d - 250 - 2. What is the tens digit of d?
8
Let d be 2048/24 + 1/(-3). Suppose 4*q + d = 633. What is the hundreds digit of q?
1
Suppose -v + 15 = 3. Let s be 3 + 1*v/(-3). Let z = s + 19. What is the tens digit of z?
1
Let k(g) = g**2 - 6*g - 10. Let r be k(10). Suppose 29*h - r*h = -8. What is the units digit of h?
8
Let p = 63 - -18. What is the units digit of p?
1
Let f = 527 + -309. What is the tens digit of f?
1
Let y be (1/((-10)/(-16)))/(34/85). Suppose y*f = 4*h + 540, f + 4*h - 508 = -3*f. What is the tens digit of f?
3
Let f(v) = -v**3 - 7*v**2 + 21*v - 11. What is the units digit of f(-11)?
2
Let u = 4 + 2. Suppose -u*t = -8*t. Suppose t*y - y = -4, 157 = 3*s - 2*y. What is the units digit of s?
5
Let v(y) = -1684*y + 99. What is the hundreds digit of v(-2)?
4
Suppose 4098*c - 4107*c + 14418 = 0. What is the units digit of c?
2
Suppose 41*z - 32164 = 19*z. What is the units digit of z?
2
Suppose u - 1035 = 2*f, 4116 = -3*u + 7*u + 4*f. What is the thousands digit of u?
1
Let y = 66 + -36. Suppose -35*x + 765 = -y*x. What is the hundreds digit of x?
1
Suppose v = l + 870, 15*v = 10*v - 3*l + 4310. What is the units digit of v?
5
Let n = -218 - -945. What is the units digit of n?
7
Suppose 2*o - 1378 = 2*m, -4*o + 2765 = -3*m + 2*m. What is the hundreds digit of o?
6
Suppose -5*o = -2094 + 134. Suppose 6*h = o - 8. What is the tens digit of h?
6
Suppose 1801 = 5*i - 2*g, 7*g - 12*g = -10. What is the tens digit of i?
6
Suppose -5*